*d. What is the greatest common divisor of 10 and d?
10
Let j be 286/8 + 3/12. Let x be -34 + 32 - (-11 + 0). Calculate the highest common divisor of x and j.
9
Let q(u) = u**3 + 8*u**2 + 6*u - 4. Let a be q(-8). Let r = 88 + a. Suppose -5*t - 96 + 1536 = 0. Calculate the greatest common divisor of r and t.
36
Let n(s) = 7*s**2 - 11*s - 21. Let j be n(-4). Calculate the highest common factor of 81 and j.
27
Let c be (1 + 1)/(-1 + 3) + -215. Let d = -213 - c. Let p(q) = q**3 + 2*q**2 - 4*q + 1. Let n be p(-3). What is the greatest common divisor of n and d?
1
Suppose -48 = 18*r - 102. What is the highest common divisor of 309 and r?
3
Suppose 87*x = 69*x + 540. What is the greatest common divisor of x and 15?
15
Let m(h) = h**2 + 7*h + 2. Suppose 0 = 4*t - 9*t - 40. Let r be m(t). Suppose -5*k - 30 = -r*k. Calculate the greatest common factor of 54 and k.
6
Suppose 6*h + 4860 = 6024. What is the highest common divisor of h and 873?
97
Let x(b) = 2*b**2 + b + 4. Let h(z) = z**3 + 5*z**2 + 7*z + 8. Let j be h(-4). Let c be x(j). Calculate the highest common factor of c and 4.
4
Let v be (-7 - (-77)/(-14))*-2. Let f be ((-4)/(-8))/(2/100). What is the greatest common divisor of v and f?
25
Suppose -32*d = -21*d - 671. What is the highest common divisor of d and 122?
61
Let d(z) = -3*z**2 + 5*z + 9. Let x(w) = -6*w**2 + 10*w + 19. Let v(p) = -13*d(p) + 6*x(p). Let s be v(6). What is the highest common divisor of 15 and s?
15
Let w(a) = a**3 - 5*a**2 + 6*a - 6. Suppose 13*z - 12*z = 0. Let b be -1 + (1 - z) - -5. Let l be w(b). What is the greatest common divisor of l and 8?
8
Let t be (-4)/(-14) - (-214)/(-14). Let p = -290 - -223. Let o = t - p. Calculate the greatest common divisor of 13 and o.
13
Suppose 0 = -3*h + 9, -37 = -p - 5*h + 41. Let z = 49 + -89. Let t = 49 + z. What is the highest common divisor of t and p?
9
Let z(p) = 4*p**2 + 151*p - 164. Let j be z(-40). Let f = -1 - -29. Calculate the highest common factor of f and j.
28
Let j(a) = -20*a + 23. Let b be j(-6). Calculate the greatest common divisor of b and 13.
13
Let i(x) = 45*x + 1. Let r be i(2). Suppose 5*u + 5*h = 65, 5*u - 23 - 42 = -h. Calculate the highest common divisor of r and u.
13
Let i = 1098 + -1058. Let z = 10 + -5. Calculate the highest common factor of i and z.
5
Let c = -18 + 54. Suppose -22*y + c = -13*y. What is the highest common factor of y and 2?
2
Let s be 68 - (-2 + (7 - 2)). Calculate the highest common divisor of s and 208.
13
Suppose -3*b + 2 = -b, -12 = 3*f + 3*b. Let y = f - -59. What is the highest common divisor of 6 and y?
6
Suppose -5*k + 6*d = 5*d - 242, -102 = -2*k + 3*d. What is the highest common divisor of 304 and k?
16
Let r = -165 - -381. What is the highest common factor of r and 24?
24
Let i = 693 + -663. Calculate the greatest common factor of 1290 and i.
30
Let y(d) = 2*d**2 + 12*d + 4. Let b be y(-9). Let r = 70 + b. Calculate the greatest common divisor of r and 64.
64
Let x = -838 - -2713. Calculate the greatest common factor of x and 15.
15
Suppose 4*b - 3*g = 87, 0 = b + 4*b - 2*g - 114. Let h(q) = 4*q**3 + 212*q**2 - 9*q - 333. Let k be h(-53). Calculate the highest common factor of k and b.
24
Let j be (-3 + 0)*280/(-12). What is the greatest common divisor of j and 175?
35
Let b be (1580/(-8))/(2/4). Let l be (-2)/11 + b/(-55). What is the greatest common factor of l and 63?
7
Suppose 4*u - 3*s - 19 = 0, -4*u = -3*s - 2*s - 29. Let g be 159 - u/(3 - 4). Suppose g = h + h. What is the highest common divisor of h and 10?
10
Let l(x) = 2*x + 19. Let t be l(-6). Let d(p) = -p**2 + 8*p - 2. Let z be d(8). Let g be (1 + t/z)*-6. Calculate the highest common divisor of 105 and g.
15
Suppose 3*m - 2096 = -5*m. Suppose 0 = -v + 4*r - m, -16 = -4*r + 4. Let g = v + 385. Calculate the highest common factor of g and 13.
13
Suppose 3*k - 25 = 2*b, 0 = -k - 4*b - 2 + 29. Suppose -a - w = 3, 28 - 24 = -w. What is the highest common factor of a and k?
1
Suppose -3*r = 5*d - 4*r - 860, 0 = -2*d + 5*r + 367. Suppose 417 + d = 7*o. What is the highest common divisor of o and 12?
12
Let y be (3 - (-1 + 2))*-83. Let o = -22 - y. Suppose -3907*b + 3904*b = -48. What is the highest common factor of o and b?
16
Let j = -183 + 323. Let i = 31 + -40. Let g be (-6)/i*(84 + 0). Calculate the highest common factor of j and g.
28
Let j be (12/24)/(1/(-394)). Let h = j - -289. Calculate the greatest common divisor of 23 and h.
23
Let u(s) = 4*s - 1. Let x be u(-1). Let n be (-4)/(-5) - 16/x. What is the greatest common factor of n and 10?
2
Let i = -56 + 57. Let f be (-2 - i)*-1 + (1 - -2). Calculate the greatest common divisor of 4 and f.
2
Let u = 2913 - 2809. Calculate the greatest common factor of u and 403.
13
Let c(r) = -7*r**2 - 11*r. Let f be c(-9). Let a be f/(-20) - 2/5. Let n be 7*(1 - a/(-7)). Calculate the greatest common divisor of n and 12.
6
Let m(k) = 13*k**3 + k**2 - k - 1. Suppose 0 = -4*w + 2*w - 2. Let i be m(w). Let d be (i/(-16))/(1/12). What is the greatest common factor of 63 and d?
9
Suppose 0 = -0*c - c + 32. Let g = 100 - c. What is the greatest common divisor of g and 17?
17
Suppose 4*h + 7 = 19. Suppose -2*k = -k - h. Suppose a - k - 15 = 0. What is the greatest common factor of a and 2?
2
Let j be ((-7)/7)/(1 - 2). Let b be (-6 - -8) + j + 10. Let t = b - 8. Calculate the highest common divisor of t and 50.
5
Let j be -5 + (-3444)/(-8) + 1/(-2). Calculate the greatest common divisor of j and 34.
17
Let n be 108/8 + (-3)/6. Suppose 7 = 2*b + n. Let o(s) = -21*s - 3. Let f be o(b). What is the greatest common divisor of 40 and f?
20
Let w = -14 + 18. Let y = w + 7. Suppose 3*z - 65 = -y. What is the greatest common factor of z and 2?
2
Let g(f) = f + 25. Let a be g(-10). Let c(b) = -3*b. Let i be c(-2). Calculate the greatest common factor of i and a.
3
Let x be (-4)/(-6) + (-52)/(-12). Suppose -5*r + 49 = -2*k, -k - 3*k = -x*r + 53. Calculate the highest common factor of 99 and r.
9
Let r = -2871 - -2875. Calculate the greatest common factor of r and 16.
4
Let n be (-36)/10 + (-4)/10. Let a be (-12 + 8)/(1/n). Calculate the greatest common divisor of 2 and a.
2
Suppose -2*g + 25 = 3*k, 2*g + 48 = 5*k + 1. Let x = k - 5. Let i(l) = l**2 - l - 4. Let b be i(-3). What is the highest common divisor of b and x?
4
Suppose -i + 5*i - 4 = 0. Let t be (-48)/(-8) + (-2 - i). Calculate the greatest common divisor of t and 15.
3
Suppose -4*r - 11*h = -14*h - 412, -2*h + 392 = 4*r. What is the highest common divisor of r and 230?
10
Let u(r) = 7*r + 356. Let i be u(-32). What is the greatest common divisor of 297 and i?
33
Let g(j) = 5*j - 30. Let d be g(6). Let r = d - -8. What is the greatest common factor of 8 and r?
8
Suppose 4*j + 0*c - c - 4 = 0, -3*j - 4*c = -22. Let f = j - -13. Suppose -3*y + 87 = -f. What is the highest common factor of y and 85?
17
Let u(r) = r**2 + 15*r - 3. Let m be u(-16). Suppose 46*w - 37*w - 585 = 0. Calculate the highest common divisor of w and m.
13
Suppose 2*v = -84 + 104. Calculate the greatest common factor of v and 65.
5
Suppose 0 = 5*r - 4*j - 64, 5*r - 6*r - 2*j + 24 = 0. Let y = r - -59. What is the highest common factor of y and 25?
25
Suppose -20*m = -18*m - 138. Let s(n) = -n - 3. Let z be s(-3). Suppose -3*p = -z*p - m. Calculate the highest common factor of p and 23.
23
Let x(n) = n**2 + 45*n + 519. Let i be x(-27). Calculate the highest common divisor of i and 5907.
33
Let b(z) = -z**3 - 3*z**2 + 4*z + 2. Let s be b(-4). Let o(p) = 116*p - 102. Let k be o(1). What is the highest common divisor of s and k?
2
Suppose -2*w - 1028 = -4*c, -5*c + 29*w - 27*w + 1286 = 0. What is the highest common divisor of 946 and c?
86
Let k = 253 - -878. Calculate the greatest common factor of k and 58.
29
Suppose -8*m = -4*m - 68. Let o = m + -13. Suppose s + o*s - 55 = 4*v, -v = 2*s - 35. Calculate the greatest common divisor of s and 120.
15
Suppose 2*p = b - 4*b + 552, 4*b + 5*p = 736. What is the highest common factor of 56 and b?
8
Suppose 0 = -h - 5*u + 8*u + 26, -u = -4*h + 104. What is the greatest common factor of 1742 and h?
26
Suppose 54*p + 504 = 60*p. What is the greatest common divisor of 42 and p?
42
Let h(w) = 638*w**3 + w**2 - w - 1. Let x be h(-1). Let c be 2/(-8) + x/(-52). What is the hi